{"id":21,"date":"2014-04-16T10:56:35","date_gmt":"2014-04-16T10:56:35","guid":{"rendered":"http:\/\/ahbvfreamunde.pt\/?page_id=21"},"modified":"2023-02-25T15:51:27","modified_gmt":"2023-02-25T15:51:27","slug":"mensagem-do-comandante","status":"publish","type":"page","link":"http:\/\/ahbvfreamunde.pt\/?page_id=21","title":{"rendered":"Mensagem do Comandante"},"content":{"rendered":"\n<p class=\"has-nv-text-dark-bg-color has-nv-site-bg-background-color has-text-color has-background\">Como comandante do Corpo de Bombeiros de Freamunde, sa\u00fado os navegadores deste site, criado com intuito de dar a conhecer o pulsar do nosso Corpo de Bombeiros e mantermos informados toda a popula\u00e7\u00e3o que servimos.<\/p>\n\n\n\n<p class=\"has-nv-text-dark-bg-color has-nv-site-bg-background-color has-text-color has-background\">Ser\u00e1 sempre um grande desafio nesta era da globaliza\u00e7\u00e3o e comunica\u00e7\u00e3o, conseguirmos chegar mais longe poss\u00edvel na divulga\u00e7\u00e3o daquilo que somos e do que fazemos.<\/p>\n\n\n\n<p class=\"has-nv-text-dark-bg-color has-nv-site-bg-background-color has-text-color has-background\">Somos um corpo de bombeiros tecnicamente preparado e apetrechado, com recursos humanos e materiais \u00e0 medida dos desafios e riscos que enfrentamos nos dias de hoje<\/p>\n\n\n\n<p class=\"has-nv-text-dark-bg-color has-nv-site-bg-background-color has-text-color has-background\">Orgulho-me de comandar um Corpo Ativo onde o esp\u00edrito do voluntariado se expressa de forma genu\u00edna e de uma disponibilidade impar, que procura desenvolver a sua miss\u00e3o com elevados n\u00edveis de desempenho, rigor, disciplina e forma\u00e7\u00e3o cont\u00ednua.<\/p>\n\n\n\n<p class=\"has-nv-text-dark-bg-color has-nv-site-bg-background-color has-text-color has-background\">Seguimos em frente orgulhosos do nosso passado com mais de 90 anos de hist\u00f3ria. Vivemos um presente desafiante e encaramos com confian\u00e7a um futuro de incerteza mas que procuraremos procurar moldar com os nossos valores de altru\u00edsmo e ajuda ao pr\u00f3ximo num futuro melhor para todos.<\/p>\n\n\n\n<p class=\"has-nv-text-dark-bg-color has-nv-site-bg-background-color has-text-color has-background\">Bem Hajam,<\/p>\n\n\n\n<p class=\"has-nv-text-dark-bg-color has-nv-site-bg-background-color has-text-color has-background\">O Comandante<\/p>\n\n\n\n<p class=\"has-nv-text-dark-bg-color has-nv-site-bg-background-color has-text-color has-background\">Jos\u00e9 Domingos<\/p>\n","protected":false},"excerpt":{"rendered":"<p>Como comandante do Corpo de Bombeiros de Freamunde, sa\u00fado os navegadores deste site, criado com intuito de dar a conhecer o pulsar do nosso Corpo de Bombeiros e mantermos informados toda a popula\u00e7\u00e3o que servimos. Ser\u00e1 sempre um grande desafio nesta era da globaliza\u00e7\u00e3o e comunica\u00e7\u00e3o, conseguirmos chegar mais longe poss\u00edvel na divulga\u00e7\u00e3o daquilo que&hellip;&nbsp;<a href=\"http:\/\/ahbvfreamunde.pt\/?page_id=21\" rel=\"bookmark\">Ler mais &raquo;<span class=\"screen-reader-text\">Mensagem do Comandante<\/span><\/a><\/p>\n","protected":false},"author":11,"featured_media":0,"parent":0,"menu_order":0,"comment_status":"closed","ping_status":"closed","template":"","meta":{"pagelayer_contact_templates":[],"_pagelayer_content":"","neve_meta_sidebar":"","neve_meta_container":"","neve_meta_enable_content_width":"","neve_meta_content_width":0,"neve_meta_title_alignment":"","neve_meta_author_avatar":"","neve_post_elements_order":"","neve_meta_disable_header":"","neve_meta_disable_footer":"","neve_meta_disable_title":"","footnotes":""},"class_list":["post-21","page","type-page","status-publish","hentry"],"_links":{"self":[{"href":"http:\/\/ahbvfreamunde.pt\/index.php?rest_route=\/wp\/v2\/pages\/21","targetHints":{"allow":["GET"]}}],"collection":[{"href":"http:\/\/ahbvfreamunde.pt\/index.php?rest_route=\/wp\/v2\/pages"}],"about":[{"href":"http:\/\/ahbvfreamunde.pt\/index.php?rest_route=\/wp\/v2\/types\/page"}],"author":[{"embeddable":true,"href":"http:\/\/ahbvfreamunde.pt\/index.php?rest_route=\/wp\/v2\/users\/11"}],"replies":[{"embeddable":true,"href":"http:\/\/ahbvfreamunde.pt\/index.php?rest_route=%2Fwp%2Fv2%2Fcomments&post=21"}],"version-history":[{"count":5,"href":"http:\/\/ahbvfreamunde.pt\/index.php?rest_route=\/wp\/v2\/pages\/21\/revisions"}],"predecessor-version":[{"id":1052,"href":"http:\/\/ahbvfreamunde.pt\/index.php?rest_route=\/wp\/v2\/pages\/21\/revisions\/1052"}],"wp:attachment":[{"href":"http:\/\/ahbvfreamunde.pt\/index.php?rest_route=%2Fwp%2Fv2%2Fmedia&parent=21"}],"curies":[{"name":"wp","href":"https:\/\/api.w.org\/{rel}","templated":true}]}}

<p class="has-nv-text-dark-bg-color has-nv-site-bg-background-color has-text-color has-background">Como comandante do Corpo de Bombeiros de Freamunde, saúdo os navegadores deste site, criado com intuito de dar a conhecer o pulsar do nosso Corpo de Bombeiros e mantermos informados toda a população que servimos.</p>



<p class="has-nv-text-dark-bg-color has-nv-site-bg-background-color has-text-color has-background">Será sempre um grande desafio nesta era da globalização e comunicação, conseguirmos chegar mais longe possível na divulgação daquilo que somos e do que fazemos.</p>



<p class="has-nv-text-dark-bg-color has-nv-site-bg-background-color has-text-color has-background">Somos um corpo de bombeiros tecnicamente preparado e apetrechado, com recursos humanos e materiais à medida dos desafios e riscos que enfrentamos nos dias de hoje</p>



<p class="has-nv-text-dark-bg-color has-nv-site-bg-background-color has-text-color has-background">Orgulho-me de comandar um Corpo Ativo onde o espírito do voluntariado se expressa de forma genuína e de uma disponibilidade impar, que procura desenvolver a sua missão com elevados níveis de desempenho, rigor, disciplina e formação contínua.</p>



<p class="has-nv-text-dark-bg-color has-nv-site-bg-background-color has-text-color has-background">Seguimos em frente orgulhosos do nosso passado com mais de 90 anos de história. Vivemos um presente desafiante e encaramos com confiança um futuro de incerteza mas que procuraremos procurar moldar com os nossos valores de altruísmo e ajuda ao próximo num futuro melhor para todos.</p>



<p class="has-nv-text-dark-bg-color has-nv-site-bg-background-color has-text-color has-background">Bem Hajam,</p>



<p class="has-nv-text-dark-bg-color has-nv-site-bg-background-color has-text-color has-background">O Comandante</p>



<p class="has-nv-text-dark-bg-color has-nv-site-bg-background-color has-text-color has-background">José Domingos</p>

<p>Como comandante do Corpo de Bombeiros de Freamunde, saúdo os navegadores deste site, criado com intuito de dar a conhecer o pulsar do nosso Corpo de Bombeiros e mantermos informados toda a população que servimos. Será sempre um grande desafio nesta era da globalização e comunicação, conseguirmos chegar mais longe possível na divulgação daquilo que&hellip;&nbsp;<a href="http://ahbvfreamunde.pt/?page_id=21" rel="bookmark">Ler mais &raquo;<span class="screen-reader-text">Mensagem do Comandante</span></a></p>
